/9).
9
Let o(a) = 277*a**2 + a - 1. Let i be o(1). Let u = -269 + i. What is the remainder when 18 is divided by u?
2
Let b(u) = 6*u**3 - u**2 + 4*u. Let k be b(3). Suppose -k = 123*f - 126*f. What is the remainder when f is divided by 3?
1
Let p = -230 - -372. Calculate the remainder when 6/4*-1 + 15123/p is divided by 36.
33
Let k be -20*(12/(-20) - 9/10). Let z(v) = v**3 - 30*v**2 + 2*v - 47. Calculate the remainder when 112 is divided by z(k).
8
Let y = 395 - 289. Suppose -278 = -24*x + y. Calculate the remainder when 25 is divided by x.
9
Let z(g) = 6*g + 25 + 2*g - 2*g. Let i be z(8). Suppose -7 = -4*a + i. What is the remainder when 57 is divided by a?
17
Let x = 59 - 1. Suppose 2*o = 33*o - 10571. Calculate the remainder when o is divided by x.
51
What is the remainder when ((-74)/(-3))/(290/6960) is divided by 17?
14
Suppose -34*t = -175*t + 21855. What is the remainder when t is divided by 152?
3
Let i = -1428 + 1438. Let f be ((-16)/(-10))/((-6)/(-195)). What is the remainder when 74 is divided by (f/i)/((-20)/(-50))?
9
Suppose 9 - 13 = -2*h. Suppose 6 = 2*m + h. Suppose 0 = -3*q - 5*o + 225, -5*q + 58 = -m*o - 348. What is the remainder when q is divided by 21?
17
Let j(v) = -9*v - 340. Let x(h) = -9*h - 344. Let n(d) = 7*j(d) - 6*x(d). Calculate the remainder when 76 is divided by n(-38).
24
Let y be (-201 + 1)/(26/(-39)). Suppose 0 = 4*r + 3*u + y, 6*u - 5*u - 160 = 2*r. What is the remainder when 37 is divided by (-15)/(-10)*(0 - r/9)?
11
Suppose -4*v + 7 = -1. Suppose -v*i + 90 = 3*i. Suppose 1393*d = -1337*d + 2876*d - 438. Calculate the remainder when i is divided by d.
0
Let t be (0/4)/(4 + (-4)/4). Suppose t*f + 11*f = 462. Calculate the remainder when 163 is divided by f.
37
Suppose o = -0*u - 2*u - 68, 186 = -3*o + 3*u. Let a = o + 158. Calculate the remainder when a is divided by 50.
44
Let s = 7 - -2. Let o = 12 - s. What is the remainder when 102 + (-3 - -12)/o is divided by 27?
24
Suppose 0 = 14*m - 42 - 0. Suppose -m*n + 131 = -4*i, 2*i + 20 = n - 23. Calculate the remainder when 219 is divided by n.
39
What is the remainder when 86 is divided by -6*(910/(-20))/13?
2
Suppose -5*a - 376*x = -380*x - 1851, 0 = 4*a - 3*x - 1481. Calculate the remainder when a is divided by 17.
14
Let y = 105 + -193. Let t be 0*1/(-3) - y. Let m = 114 - t. Calculate the remainder when m is divided by 15.
11
Let z = -96 - 108. Let c = z + 216. Calculate the remainder when 91 is divided by c.
7
Let h(l) = -l - 17. Let v be h(-14). What is the remainder when ((-144)/(-63))/(v*(-2)/42) is divided by 9?
7
Suppose -8*m + m + 1372 = 189*m. Let b be -1 + 2 + -1 + 20. Suppose -2*g + b = -34. What is the remainder when g is divided by m?
6
Let z = -35 + 25. Let l(h) = -h**3 - 11*h**2 - 19*h - 28. What is the remainder when l(z) is divided by 32?
30
Suppose -5*z + 989 + 18324 = l, 0 = -3*z - 2*l + 11592. Calculate the remainder when z is divided by 1928.
6
Let j = 3311 - 3260. Calculate the remainder when j is divided by 3*(1 - (-100)/12).
23
Let l = -126 + 140. Suppose 3*d = -3*m, m - 2*d - 1 = l. Calculate the remainder when 15 is divided by m.
0
Let n(r) = -r**3 - 11*r**2 - 6*r - 4. Let g be n(-7). Let b = 173 + g. Calculate the remainder when 116 is divided by b.
11
Suppose 115 = 18*o - 209. Suppose -g - 2*c = -o, 5*g = -3*c + 19 + 78. Calculate the remainder when g is divided by 8.
4
What is the remainder when 12 + -13 - ((-4)/(-30) - (-301925)/(-375)) is divided by 22?
12
Let t = -4560 + 4833. What is the remainder when 276 is divided by t?
3
Suppose -2*o = -4*y - 5 - 83, 3*o - y = 152. Calculate the remainder when (3/4 - (-1573)/o) + 4 is divided by 6.
5
Let z(i) = i**3 + 38*i**2 + 35*i - 74. Let t be z(-37). Suppose t = -5*o + 416 + 199. What is the remainder when o is divided by 14?
11
Let y = 99 + 250. Suppose g = -y + 376. What is the remainder when g is divided by 1/(-5) - 51/(-5)?
7
Let d(z) = z**2 - 67*z + 1078. What is the remainder when 675 is divided by d(47)?
123
Let l(s) = -3*s - 25. Let c be l(-10). Suppose 9*p = c*p - 16. Let o(z) = -z**3 - 3*z**2 + 4*z + 1. Calculate the remainder when 3 is divided by o(p).
0
Suppose 5*t = -3*y + 98, 5*t + y + 4*y = 90. Calculate the remainder when t is divided by (-27)/(648/(-16)) - 13/(-3).
2
Suppose 5*g = -g + 1371 - 987. What is the remainder when 522 is divided by g?
10
Let b = -52 + 78. Let o(z) = -112*z + 239. What is the remainder when b is divided by o(2)?
11
Let b = 26 - 24. Suppose 0 = -4*p - b*j + 140, 6*p = p + 3*j + 186. Let l = -167 - -236. What is the remainder when l is divided by p?
33
Let c = 31 - 55. Suppose 3*d - 2*d = -48. Let k = c - d. Calculate the remainder when k is divided by 9.
6
Suppose 4*l - 113 + 25 = -4*y, 3*l + 9*y - 84 = 0. Calculate the remainder when 109 is divided by l.
14
Let i(q) = -10 + 5*q**2 + 6*q**2 - 3*q**2 + 19 + q**3. Let t be i(-8). Suppose 7*s - t*s + 138 = 0. Calculate the remainder when s is divided by 18.
15
Let r be 18/42 + (-13002)/(-42). Let y = -262 + r. What is the remainder when y is divided by 13?
9
Suppose 0 = -5*o - 9*n + 12*n + 28719, 17185 = 3*o + 4*n. Calculate the remainder when o is divided by 1433.
7
Suppose -3*g - 78 = -2*d + 124, 202 = 2*d - g. Calculate the remainder when 505 is divided by d.
0
Let w(i) = 4*i - 9. Let b(l) = l**2 + 11*l - 27. Let d(z) = 6*b(z) - 17*w(z). Let a be (18/(-45))/((-1)/10). Calculate the remainder when d(a) is divided by 9.
7
Let a be 4/(((-13)/20)/(-13)). Let t = 114 - a. What is the remainder when 200 is divided by t?
30
Suppose -5*m - 42 = -82. Let n be (-2)/m + (-7)/(-28). Suppose 0 = s + 1, 3*t + n*s - 58 = 4*s. Calculate the remainder when 48 is divided by t.
12
Let a be 8 + 3 + -5 + 2. Suppose -a*h - 5 = -3*m - 4*h, 5*m + 3*h = 18. Let n(b) = 27*b - 4. What is the remainder when n(m) is divided by 16?
13
Suppose 0 = t + h - 715, 0*t - h = 4*t - 2860. Calculate the remainder when 1/((-138)/t + 15/75) is divided by 46.
5
Let o(y) = -220*y + 9126. Calculate the remainder when o(-71) is divided by 92.
90
Let q(l) = -l**2 + 13*l - 16. Let y = -171 - -179. What is the remainder when 117 is divided by q(y)?
21
Let h = -1430 + 1521. What is the remainder when 278 is divided by h?
5
Suppose 0 = -4*v + 5*t + 542 + 1392, t + 1942 = 4*v. Suppose 5*x - 7*y = -6*y + v, x = 5*y + 102. What is the remainder when x is divided by 11?
9
Let a = 13114 - 12093. Calculate the remainder when a is divided by 508.
5
Let k = -251 - -162. Let x = k - -132. Calculate the remainder when x is divided by ((-22)/(-4))/(14/28).
10
Suppose 13*p + 13*p = -p + 378. What is the remainder when 82 is divided by p?
12
Suppose -10 = 2*z, -3*m - 7*z + 0*z + 10 = 0. What is the remainder when 3701 is divided by m?
11
Calculate the remainder when 458 is divided by ((-1)/(6*2/24))/(4/(-66)).
29
Let g = -9 - -14. Suppose g*s - 23 = 37. Let x(l) = 18*l + 2. Calculate the remainder when x(1) is divided by s.
8
Let k(z) = -1406*z - 2137. Calculate the remainder when k(-28) is divided by 27.
25
Let u = -5 - -10. Suppose 5*w = 4*r + 2*w - 60, -2 = r - u*w. Suppose 2046 = 151*b - 89*b. What is the remainder when b is divided by r?
15
Let m = -4 + 16. Let x(u) = 878*u - 3141. Calculate the remainder when x(4) is divided by m.
11
Let h(q) = 18*q**3 - 32*q**2 + 274*q + 6. Calculate the remainder when h(12) is divided by 49.
47
Suppose -450 = 17*f - 67*f. Suppose 0 = -3*j + 55 + 266. What is the remainder when j is divided by f?
8
Let o(c) = -c**2 + 266*c - 4626. Calculate the remainder when 1684 is divided by o(19).
9
Let p be (-2)/(0 + 2)*(-192)/48. Suppose 3*r - p*r = -2. Suppose -2*o - 3*h = -53, -3*o + r*o = -h - 29. What is the remainder when 138 is divided by o?
26
Let z = -432 + 438. What is the remainder when 102 is divided by z?
0
Let a(h) = -h + 2. Let b be a(1). What is the remainder when 38 is divided by (0 - 3)/(36/(-96))*b?
6
Calculate the remainder when ((-7)/((-126)/10179) - 11) + 6/(-4) is divided by 131.
29
Let o = 11 + 5. Suppose -9 - o = 5*s. Let c = 68 - s. What is the remainder when c is divided by 38?
35
Let u(f) = -20*f - 9. Suppose r - 18 - 28 = 0. Let d = -50 + r. What is the remainder when u(d) is divided by 24?
23
Suppose 100 = r - 18*d + 19*d, 0 = r - 5*d - 88. Calculate the remainder when 202 is divided by r.
